ose j*r + 235 = 5*r. Is r a prime number?
True
Let b(u) = 109*u**3 - u**2 + u. Let p be b(1). Suppose 4*r + 216 = -z, -z - 108 = r + r. Let l = p - r. Is l composite?
False
Let p(r) = r**2 + 8*r - 14. Suppose -4*j = 2*m + 2, 10*m - 5*m = -25. Suppose x = -j*x - 30. Is p(x) a composite number?
True
Let h = -17 + 7. Suppose z + 0*i + 19 = -i, 3*z - i + 65 = 0. Let j = h - z. Is j a composite number?
False
Let m be 2/8 + 6477/12. Is (-1)/(-1 - m/(-542)) a prime number?
True
Let j = -11 - -348. Is j a composite number?
False
Let p = -1168 - -1639. Is p prime?
False
Let f(k) = 7*k**2 + 2. Let o be 2/(-5) - (-34)/10. Is f(o) composite?
True
Is (-30634)/17*2/(-4) composite?
True
Let u(k) = 53*k + 9. Is u(6) a composite number?
True
Let n(s) = s**2 - s. Let a be n(2). Suppose -a*j + 19 = -j. Is j a prime number?
True
Suppose -1785 = -5*r + 700. Is r composite?
True
Let a be (2 - 2) + 2 + 0. Suppose 5 = r, 0*f - a*r + 5 = -f. Suppose -2*w + 3*w + 651 = 5*s, 3*s - f*w - 373 = 0. Is s a prime number?
True
Let l(r) = 37*r**2 - 3*r - 7. Is l(-3) composite?
True
Let t(u) = -3*u**2 + 3*u + 1. Let y be t(-2). Let f = 52 - 14. Let g = y + f. Is g composite?
True
Suppose 3*b - z = 2*z + 6, 0 = -b - 4*z + 22. Is (-3*b)/(2/(-1)) prime?
False
Let h = -613 - -922. Is h composite?
True
Suppose -2*h - 6 = -3*n, 0*n = -n + 2. Let p(g) = -g**2 + g + 79. Is p(h) composite?
False
Let x = 46 - 25. Suppose -x = -2*o - o. Suppose 3*p = o*p - 24. Is p prime?
False
Let a be (21/(-9))/(1/(-3)). Suppose -a*f + 70 = -2*f. Is f composite?
True
Suppose 2*d + 8 = 0, 5*x - 7 = d - 3. Suppose 0 = 4*f - x*f - 1004. Is f a composite number?
False
Let m = 946 - 625. Is m prime?
False
Let t be ((-20)/(-25))/(2/75). Suppose -a + t = -d, 0 = d - 5. Is a a composite number?
True
Let g = -563 + 342. Let f = 44 - g. Is f a prime number?
False
Let l be -4*(-1)/2 - 4. Let z be -4*(2*l - -3). Suppose -y - z*y + 955 = 0. Is y a composite number?
False
Let v(l) = -l**3 + 5*l**2 + 8*l - 7. Let g be v(6). Suppose -5*x + 60 = g*c - 0, 15 = -5*x. Is c composite?
True
Suppose 5*l - 5 = -15, 5*c + 4*l = 7892. Suppose 7*a - 2*a - c = 0. Let v = -153 + a. Is v prime?
True
Let i(z) be the third derivative of z**6/40 - z**4/24 - 2*z**2. Is i(2) a prime number?
False
Let w(x) = -127*x - 1. Is w(-6) a prime number?
True
Is ((-18)/(-45))/(942/470 + -2) composite?
True
Suppose 2*w - w + 4 = 0. Let f(s) = 3*s - 7. Let l(m) = 4*m - 6. Let n(p) = 5*f(p) - 6*l(p). Is n(w) a prime number?
True
Let x = 16 - -1. Suppose 2*v - x = 341. Is v composite?
False
Suppose 2*j + 5 = 91. Let y = 16 + j. Is y a composite number?
False
Is -6 + 12/4 - -22*122 a composite number?
True
Suppose -3*q + 557 = -76. Is q a prime number?
True
Let l = 2265 + -170. Is l composite?
True
Let c = 954 - 397. Is c composite?
False
Suppose -8*z + 12*z = 492. Is z composite?
True
Suppose 0 = -2*a + 4*i + 36, 0 = -2*a + i - 6*i + 63. Is (-1484)/(-10) - a/(-40) a composite number?
False
Let m(b) = b**3 - 2*b**2 + 3*b - 1. Let v be m(2). Suppose v*l + 2*y - 31 = 0, 0*y - 36 = -4*l + 4*y. Let r(u) = -u**3 + 10*u**2 - 8*u + 6. Is r(l) composite?
False
Let b(x) = -x**2 + x - 1. Let d(i) = -i**3 + 5*i**2 - 8*i + 3. Let u(t) = 6*b(t) + d(t). Is u(-3) prime?
False
Let i(y) = -10*y + 1. Let o = -3 - -2. Let f be i(o). Let j = f + 10. Is j a composite number?
True
Suppose r = -0 - 2. Let j be -4 + 2 + (r - -2). Let w = 24 + j. Is w a composite number?
True
Suppose -4*u - 2*x - 162 = -6*u, 5*u - 3*x - 397 = 0. Is u a composite number?
True
Let u(c) = 157*c + 19. Is u(4) prime?
True
Let o = 11 - 17. Let m(u) = -u**2 - 7*u - 4. Let t be m(o). Is (-1)/(t/(-11))*2 composite?
False
Let v be (-3)/(-3*(-3)/(-6)). Suppose 2*c = 6*c + 3*s, 4*c - 2*s = 20. Suppose c*a - 61 = -4*b, -4*b = -3*a + v*a - 1. Is a a composite number?
True
Suppose t = 2*t + 9. Let j(i) = 19*i**3 - 4*i - 6. Let n(b) = 9*b**3 - 2*b - 3. Let p(u) = t*n(u) + 4*j(u). Is p(-2) prime?
False
Is 3/(6/(-2338))*-1 a composite number?
True
Suppose -p + 20 = -5*p. Let t = 1 - p. Is t a composite number?
True
Let d(q) = -q**3 + 5*q**2 - 4*q + 4. Let y be d(6). Is (y/(-12))/(4/42) composite?
True
Let y = 1496 - -2385. Is y composite?
False
Let f(m) = -m**3 + 4*m + 3. Let j be f(-2). Suppose -j*o = -5*t + 9, 0*t - 5*t + 25 = 5*o. Is t + 292 - 2/1 a prime number?
True
Suppose -2*g + 3*d + 51 = -5*g, -3*g - 5*d - 41 = 0. Let f be 1415/10 + (-9)/6. Let q = f + g. Is q prime?
False
Suppose 3 = 3*y - 9. Let k = -31 + y. Let i = k + 48. Is i prime?
False
Let u(i) = -i**3 + 18*i**2 + 4*i - 25. Is u(8) a composite number?
False
Is (-6)/(2995/(-995) - -3) a prime number?
False
Let a = -10560 - -15271. Is a a composite number?
True
Suppose t = -3, -4*r + 0*t + 1296 = -4*t. Is r composite?
True
Suppose -6*k + 30 = -k. Suppose -w = -k + 2. Suppose -w*i = -16 - 88. Is i a prime number?
False
Suppose 839 = 5*d - 5*u + 79, 0 = 2*d + 3*u - 329. Is d a composite number?
False
Suppose -2*d = -438 + 16. Is d composite?
False
Let j = 1 - -3. Suppose -2*t - 57 + 281 = -2*l, 337 = 3*t - j*l. Is t composite?
True
Suppose -l - 2 = -5*j, -j - 4*l + 3*l - 2 = 0. Suppose j = 3*d + 2 - 17. Suppose -100 = -5*m + 2*i, 0*i = d*m - 3*i - 95. Is m composite?
True
Suppose 5545 = 3*k + 2*f, k - f - 9233 = -4*k. Is k a composite number?
False
Let c(v) = -26*v - 4. Let r be c(5). Is r/(-4) - 1/2 a composite number?
True
Suppose 3*t + 2*t = 4*b + 171, -4*t - 4*b = -144. Is t a composite number?
True
Let l = 29 + 368. Is l a composite number?
False
Let w(g) = -2*g + 307. Is w(0) prime?
True
Let u be (0 - -2)*(-10)/(-4). Suppose 0 = 5*q + u*c - 805, -2*q + 5*c + 301 = -0*q. Suppose -q = -0*y - 2*y. Is y a composite number?
False
Let u(x) = 2*x**3 + x**2 + 2*x + 1. Let s be u(3). Let q = -18 - -25. Suppose -3*w - q = -s. Is w composite?
True
Suppose 3*y - 1005 = -4*h, 3*y + 2*h - 668 = y. Is y prime?
True
Let q be 2 + (-2 - -1)/1. Suppose 3*o = 13 - q. Is (-2)/o + 81/6 a composite number?
False
Let z be (-2)/5 + (-6)/10. Let d = 3 + z. Is d a prime number?
True
Let f = -7901 - -13258. Is f a composite number?
True
Suppose -4*u - 3*x + 2*x = -11, -2*u - 8 = -4*x. Suppose -5*t - 211 = -i, -i + 0*t + 211 = -u*t. Is i a prime number?
True
Suppose 0 = 7*j - 5*j + 378. Let i = 50 - 154. Let c = i - j. Is c a composite number?
True
Let v be 345/(-20) - (-6)/(-8). Let d be 1*v/(-1 + -1). Suppose 0 = 2*c - 29 + d. Is c a composite number?
True
Let i(z) = z**2 + 12*z - 1. Let v be i(-12). Let w(r) = -185*r**3 + r + 1. Is w(v) a prime number?
False
Suppose 3*c + 3*m + 1895 = 5489, 0 = -c + 2*m + 1198. Is c a composite number?
True
Let x(l) = 6*l**3 - 4*l + 4. Let o(d) = 5*d**3 - 3*d + 3. Let f(n) = 4*o(n) - 3*x(n). Let v be f(1). Is 2/4 + 69/v a composite number?
True
Let i be (-916)/(-6) - 2/3. Let x be 16/(-6) - 5/15. Let o = x + i. Is o prime?
True
Suppose 2*a + 48 = a. Is ((-62)/(-8))/((-4)/a) composite?
True
Let f = -1076 - -1649. Is f prime?
False
Suppose 4*y = -20, -5*y = -p - 0*p + 210. Is p composite?
True
Let p(b) = 8*b**2 - b + 1. Is p(-8) composite?
False
Let r(m) be the first derivative of m**3/3 - 3*m**2 - 5*m - 1. Let n be r(7). Suppose 11 - n = 3*d. Is d prime?
True
Suppose -4*u + t + 89 = 22, 5*u + t - 77 = 0. Suppose 198 = 5*q + 3*f, -3*q - 2*f + 134 = u. Suppose 0*r = 3*r - q. Is r prime?
False
Let j = -11 + 7. Let x = j - -7. Let p(o) = 8*o**2 + 5*o - 4. Is p(x) a composite number?
False
Suppose 0 = -l - 0*l + 27. Let x = l - -20. Is x prime?
True
Suppose -28 = 4*f - 4. Is -238*(15/f - -2) composite?
True
Suppose 0 = -l + 1 + 3. Suppose -9*n + 20 = -l*n. Suppose n*v - 2*v = 298. Is v a composite number?
False
Let b = 582 + -331. Is b composite?
False
Let f(m) be the second derivative of -m**5/10 - 5*m**4/12 - m**3/2 + 5*m**2/2 - 4*m. Suppose 2 = j - 2*r + 4*r, 0 = 4*j + 3*r + 7. Is f(j) composite?
True
Let t be 6 + 9/6*-2. Suppose -t*n - 4*c + 7 = -6, 0 = -5*n - 2*c + 17. Is n prime?
True
Let k(b) = b**3 - 6*b**2 - 4*b + 10. Let v(c) = c**2 + c + 7. Let t be v(0). Is k(t) a composite number?
False
Let a be (-20)/(-6) - (-6)/9. Suppose 4*v + 25 - 9 = 0, -a = -j + v. Suppose j = -f - 2, -3*w + 89 = 5*f. Is w a composite number?
True
Is (-136)/12*(-66)/4 a prime number?
False
Suppose h - 69 = 74. Is h composite?
True
Suppose 4*l = -3*b +